{"id":9029,"date":"2023-06-13T16:06:12","date_gmt":"2023-06-13T13:06:12","guid":{"rendered":"https:\/\/melissimo.ro\/?post_type=product&#038;p=9029"},"modified":"2026-01-29T12:42:31","modified_gmt":"2026-01-29T10:42:31","slug":"melissimo-fructe-bio-de-catina-congelate-vrac","status":"publish","type":"product","link":"https:\/\/melissimo.ro\/en\/product\/melissimo-fructe-bio-de-catina-congelate-vrac\/","title":{"rendered":"Melissimo Organic Sea Buckthorn frozen in bulk"},"content":{"rendered":"<div class=\"wpb-content-wrapper\"><div class=\"vc_row wpb_row vc_row-fluid\"><div class=\"wpb_column vc_column_container vc_col-sm-12\"><div class=\"vc_column-inner\"><div class=\"wpb_wrapper\">\n\t<div class=\"wpb_text_column wpb_content_element\" >\n\t\t<div class=\"wpb_wrapper\">\n\t\t\t\n\t\t<\/div>\n\t<\/div>\n<\/div><\/div><\/div><\/div>\n<\/div>","protected":false},"excerpt":{"rendered":"<h3><span style=\"color: #eb6909;\">Price: 15 lei + VAT<\/span><\/h3>\n<p>The price shown is for one kilogram of sea buckthorn.<\/p>\n<h3>Minimum order 1.000 kg<\/h3>","protected":false},"featured_media":9036,"template":"","meta":{"_acf_changed":false},"product_brand":[],"product_cat":[56,72],"product_tag":[],"class_list":{"0":"post-9029","1":"product","2":"type-product","3":"status-publish","4":"has-post-thumbnail","6":"product_cat-fructe-bio","7":"product_cat-sucuri-nectaruri-bauturi-bio","9":"first","10":"instock","11":"product-type-simple"},"acf":[],"yoast_head":"<!-- This site is optimized with the Yoast SEO plugin v27.3 - https:\/\/yoast.com\/product\/yoast-seo-wordpress\/ -->\n<title>Melissimo Fructe BIO de c\u0103tin\u0103\u00a0congelate vrac - Melissimo<\/title>\n<meta name=\"description\" content=\"100% fructe ecologice de c\u0103tin\u0103, tocate, presate \u015fi deshidratate\" \/>\n<meta name=\"robots\" content=\"index, follow, max-snippet:-1, max-image-preview:large, max-video-preview:-1\" \/>\n<link rel=\"canonical\" href=\"https:\/\/melissimo.ro\/en\/product\/melissimo-fructe-bio-de-catina-congelate-vrac\/\" \/>\n<meta property=\"og:locale\" content=\"en_US\" \/>\n<meta property=\"og:type\" content=\"article\" \/>\n<meta property=\"og:title\" content=\"Melissimo Fructe BIO de c\u0103tin\u0103\u00a0congelate vrac - Melissimo\" \/>\n<meta property=\"og:description\" content=\"100% fructe ecologice de c\u0103tin\u0103, tocate, presate \u015fi deshidratate\" \/>\n<meta property=\"og:url\" content=\"https:\/\/melissimo.ro\/en\/product\/melissimo-fructe-bio-de-catina-congelate-vrac\/\" \/>\n<meta property=\"og:site_name\" content=\"Melissimo\" \/>\n<meta property=\"article:publisher\" content=\"https:\/\/www.facebook.com\/melissimo.ro\" \/>\n<meta property=\"article:modified_time\" content=\"2026-01-29T10:42:31+00:00\" \/>\n<meta property=\"og:image\" content=\"https:\/\/melissimo.ro\/wp-content\/uploads\/2023\/03\/catina-congetala-vrac-01.jpg\" \/>\n\t<meta property=\"og:image:width\" content=\"1080\" \/>\n\t<meta property=\"og:image:height\" content=\"1080\" \/>\n\t<meta property=\"og:image:type\" content=\"image\/jpeg\" \/>\n<meta name=\"twitter:card\" content=\"summary_large_image\" \/>\n<meta name=\"twitter:label1\" content=\"Est. reading time\" \/>\n\t<meta name=\"twitter:data1\" content=\"1 minute\" \/>\n<script type=\"application\/ld+json\" class=\"yoast-schema-graph\">{\"@context\":\"https:\\\/\\\/schema.org\",\"@graph\":[{\"@type\":\"WebPage\",\"@id\":\"https:\\\/\\\/melissimo.ro\\\/product\\\/melissimo-fructe-bio-de-catina-congelate-vrac\\\/\",\"url\":\"https:\\\/\\\/melissimo.ro\\\/product\\\/melissimo-fructe-bio-de-catina-congelate-vrac\\\/\",\"name\":\"Melissimo Fructe BIO de c\u0103tin\u0103\u00a0congelate vrac - Melissimo\",\"isPartOf\":{\"@id\":\"https:\\\/\\\/melissimo.ro\\\/#website\"},\"primaryImageOfPage\":{\"@id\":\"https:\\\/\\\/melissimo.ro\\\/product\\\/melissimo-fructe-bio-de-catina-congelate-vrac\\\/#primaryimage\"},\"image\":{\"@id\":\"https:\\\/\\\/melissimo.ro\\\/product\\\/melissimo-fructe-bio-de-catina-congelate-vrac\\\/#primaryimage\"},\"thumbnailUrl\":\"https:\\\/\\\/melissimo.ro\\\/wp-content\\\/uploads\\\/2023\\\/03\\\/catina-congetala-vrac-01.jpg\",\"datePublished\":\"2023-06-13T13:06:12+00:00\",\"dateModified\":\"2026-01-29T10:42:31+00:00\",\"description\":\"100% fructe ecologice de c\u0103tin\u0103, tocate, presate \u015fi deshidratate\",\"breadcrumb\":{\"@id\":\"https:\\\/\\\/melissimo.ro\\\/product\\\/melissimo-fructe-bio-de-catina-congelate-vrac\\\/#breadcrumb\"},\"inLanguage\":\"en-US\",\"potentialAction\":[{\"@type\":\"ReadAction\",\"target\":[\"https:\\\/\\\/melissimo.ro\\\/product\\\/melissimo-fructe-bio-de-catina-congelate-vrac\\\/\"]}]},{\"@type\":\"ImageObject\",\"inLanguage\":\"en-US\",\"@id\":\"https:\\\/\\\/melissimo.ro\\\/product\\\/melissimo-fructe-bio-de-catina-congelate-vrac\\\/#primaryimage\",\"url\":\"https:\\\/\\\/melissimo.ro\\\/wp-content\\\/uploads\\\/2023\\\/03\\\/catina-congetala-vrac-01.jpg\",\"contentUrl\":\"https:\\\/\\\/melissimo.ro\\\/wp-content\\\/uploads\\\/2023\\\/03\\\/catina-congetala-vrac-01.jpg\",\"width\":1080,\"height\":1080,\"caption\":\"catina congetala vrac - melissimo\"},{\"@type\":\"BreadcrumbList\",\"@id\":\"https:\\\/\\\/melissimo.ro\\\/product\\\/melissimo-fructe-bio-de-catina-congelate-vrac\\\/#breadcrumb\",\"itemListElement\":[{\"@type\":\"ListItem\",\"position\":1,\"name\":\"Prima pagin\u0103\",\"item\":\"https:\\\/\\\/melissimo.ro\\\/\"},{\"@type\":\"ListItem\",\"position\":2,\"name\":\"Shop\",\"item\":\"https:\\\/\\\/melissimo.ro\\\/shop\\\/\"},{\"@type\":\"ListItem\",\"position\":3,\"name\":\"Melissimo Fructe BIO de c\u0103tin\u0103\u00a0congelate vrac\"}]},{\"@type\":\"WebSite\",\"@id\":\"https:\\\/\\\/melissimo.ro\\\/#website\",\"url\":\"https:\\\/\\\/melissimo.ro\\\/\",\"name\":\"Melissimo\",\"description\":\"Delicios de Sanatos\",\"publisher\":{\"@id\":\"https:\\\/\\\/melissimo.ro\\\/#organization\"},\"potentialAction\":[{\"@type\":\"SearchAction\",\"target\":{\"@type\":\"EntryPoint\",\"urlTemplate\":\"https:\\\/\\\/melissimo.ro\\\/?s={search_term_string}\"},\"query-input\":{\"@type\":\"PropertyValueSpecification\",\"valueRequired\":true,\"valueName\":\"search_term_string\"}}],\"inLanguage\":\"en-US\"},{\"@type\":\"Organization\",\"@id\":\"https:\\\/\\\/melissimo.ro\\\/#organization\",\"name\":\"Melissimo\",\"url\":\"https:\\\/\\\/melissimo.ro\\\/\",\"logo\":{\"@type\":\"ImageObject\",\"inLanguage\":\"en-US\",\"@id\":\"https:\\\/\\\/melissimo.ro\\\/#\\\/schema\\\/logo\\\/image\\\/\",\"url\":\"https:\\\/\\\/melissimo.ro\\\/wp-content\\\/uploads\\\/2020\\\/10\\\/logo_dark.png\",\"contentUrl\":\"https:\\\/\\\/melissimo.ro\\\/wp-content\\\/uploads\\\/2020\\\/10\\\/logo_dark.png\",\"width\":326,\"height\":70,\"caption\":\"Melissimo\"},\"image\":{\"@id\":\"https:\\\/\\\/melissimo.ro\\\/#\\\/schema\\\/logo\\\/image\\\/\"},\"sameAs\":[\"https:\\\/\\\/www.facebook.com\\\/melissimo.ro\",\"https:\\\/\\\/www.instagram.com\\\/melissimo.ro\\\/\"]}]}<\/script>\n<!-- \/ Yoast SEO plugin. -->","yoast_head_json":{"title":"Melissimo Fructe BIO de c\u0103tin\u0103\u00a0congelate vrac - Melissimo","description":"100% Organic fruit of sea buckthorn, chopped, pressed and dehydrated","robots":{"index":"index","follow":"follow","max-snippet":"max-snippet:-1","max-image-preview":"max-image-preview:large","max-video-preview":"max-video-preview:-1"},"canonical":"https:\/\/melissimo.ro\/en\/product\/melissimo-fructe-bio-de-catina-congelate-vrac\/","og_locale":"en_US","og_type":"article","og_title":"Melissimo Fructe BIO de c\u0103tin\u0103\u00a0congelate vrac - Melissimo","og_description":"100% fructe ecologice de c\u0103tin\u0103, tocate, presate \u015fi deshidratate","og_url":"https:\/\/melissimo.ro\/en\/product\/melissimo-fructe-bio-de-catina-congelate-vrac\/","og_site_name":"Melissimo","article_publisher":"https:\/\/www.facebook.com\/melissimo.ro","article_modified_time":"2026-01-29T10:42:31+00:00","og_image":[{"width":1080,"height":1080,"url":"https:\/\/melissimo.ro\/wp-content\/uploads\/2023\/03\/catina-congetala-vrac-01.jpg","type":"image\/jpeg"}],"twitter_card":"summary_large_image","twitter_misc":{"Est. reading time":"1 minute"},"schema":{"@context":"https:\/\/schema.org","@graph":[{"@type":"WebPage","@id":"https:\/\/melissimo.ro\/product\/melissimo-fructe-bio-de-catina-congelate-vrac\/","url":"https:\/\/melissimo.ro\/product\/melissimo-fructe-bio-de-catina-congelate-vrac\/","name":"Melissimo Fructe BIO de c\u0103tin\u0103\u00a0congelate vrac - Melissimo","isPartOf":{"@id":"https:\/\/melissimo.ro\/#website"},"primaryImageOfPage":{"@id":"https:\/\/melissimo.ro\/product\/melissimo-fructe-bio-de-catina-congelate-vrac\/#primaryimage"},"image":{"@id":"https:\/\/melissimo.ro\/product\/melissimo-fructe-bio-de-catina-congelate-vrac\/#primaryimage"},"thumbnailUrl":"https:\/\/melissimo.ro\/wp-content\/uploads\/2023\/03\/catina-congetala-vrac-01.jpg","datePublished":"2023-06-13T13:06:12+00:00","dateModified":"2026-01-29T10:42:31+00:00","description":"100% Organic fruit of sea buckthorn, chopped, pressed and dehydrated","breadcrumb":{"@id":"https:\/\/melissimo.ro\/product\/melissimo-fructe-bio-de-catina-congelate-vrac\/#breadcrumb"},"inLanguage":"en-US","potentialAction":[{"@type":"ReadAction","target":["https:\/\/melissimo.ro\/product\/melissimo-fructe-bio-de-catina-congelate-vrac\/"]}]},{"@type":"ImageObject","inLanguage":"en-US","@id":"https:\/\/melissimo.ro\/product\/melissimo-fructe-bio-de-catina-congelate-vrac\/#primaryimage","url":"https:\/\/melissimo.ro\/wp-content\/uploads\/2023\/03\/catina-congetala-vrac-01.jpg","contentUrl":"https:\/\/melissimo.ro\/wp-content\/uploads\/2023\/03\/catina-congetala-vrac-01.jpg","width":1080,"height":1080,"caption":"catina congetala vrac - melissimo"},{"@type":"BreadcrumbList","@id":"https:\/\/melissimo.ro\/product\/melissimo-fructe-bio-de-catina-congelate-vrac\/#breadcrumb","itemListElement":[{"@type":"ListItem","position":1,"name":"Prima pagin\u0103","item":"https:\/\/melissimo.ro\/"},{"@type":"ListItem","position":2,"name":"Shop","item":"https:\/\/melissimo.ro\/shop\/"},{"@type":"ListItem","position":3,"name":"Melissimo Fructe BIO de c\u0103tin\u0103\u00a0congelate vrac"}]},{"@type":"WebSite","@id":"https:\/\/melissimo.ro\/#website","url":"https:\/\/melissimo.ro\/","name":"Melissimo","description":"Sanatos delights","publisher":{"@id":"https:\/\/melissimo.ro\/#organization"},"potentialAction":[{"@type":"SearchAction","target":{"@type":"EntryPoint","urlTemplate":"https:\/\/melissimo.ro\/?s={search_term_string}"},"query-input":{"@type":"PropertyValueSpecification","valueRequired":true,"valueName":"search_term_string"}}],"inLanguage":"en-US"},{"@type":"Organization","@id":"https:\/\/melissimo.ro\/#organization","name":"Melissimo","url":"https:\/\/melissimo.ro\/","logo":{"@type":"ImageObject","inLanguage":"en-US","@id":"https:\/\/melissimo.ro\/#\/schema\/logo\/image\/","url":"https:\/\/melissimo.ro\/wp-content\/uploads\/2020\/10\/logo_dark.png","contentUrl":"https:\/\/melissimo.ro\/wp-content\/uploads\/2020\/10\/logo_dark.png","width":326,"height":70,"caption":"Melissimo"},"image":{"@id":"https:\/\/melissimo.ro\/#\/schema\/logo\/image\/"},"sameAs":["https:\/\/www.facebook.com\/melissimo.ro","https:\/\/www.instagram.com\/melissimo.ro\/"]}]}},"_links":{"self":[{"href":"https:\/\/melissimo.ro\/en\/wp-json\/wp\/v2\/product\/9029","targetHints":{"allow":["GET"]}}],"collection":[{"href":"https:\/\/melissimo.ro\/en\/wp-json\/wp\/v2\/product"}],"about":[{"href":"https:\/\/melissimo.ro\/en\/wp-json\/wp\/v2\/types\/product"}],"wp:featuredmedia":[{"embeddable":true,"href":"https:\/\/melissimo.ro\/en\/wp-json\/wp\/v2\/media\/9036"}],"wp:attachment":[{"href":"https:\/\/melissimo.ro\/en\/wp-json\/wp\/v2\/media?parent=9029"}],"wp:term":[{"taxonomy":"product_brand","embeddable":true,"href":"https:\/\/melissimo.ro\/en\/wp-json\/wp\/v2\/product_brand?post=9029"},{"taxonomy":"product_cat","embeddable":true,"href":"https:\/\/melissimo.ro\/en\/wp-json\/wp\/v2\/product_cat?post=9029"},{"taxonomy":"product_tag","embeddable":true,"href":"https:\/\/melissimo.ro\/en\/wp-json\/wp\/v2\/product_tag?post=9029"}],"curies":[{"name":"wp","href":"https:\/\/api.w.org\/{rel}","templated":true}]}}

<!-- This site is optimized with the Yoast SEO plugin v27.3 - https://yoast.com/product/yoast-seo-wordpress/ -->
<title>Melissimo Fructe BIO de cătină congelate vrac - Melissimo</title>
<meta name="description" content="100% fructe ecologice de cătină, tocate, presate şi deshidratate" />
<meta name="robots" content="index, follow, max-snippet:-1, max-image-preview:large, max-video-preview:-1" />
<link rel="canonical" href="https://melissimo.ro/en/product/melissimo-fructe-bio-de-catina-congelate-vrac/" />
<meta property="og:locale" content="en_US" />
<meta property="og:type" content="article" />
<meta property="og:title" content="Melissimo Fructe BIO de cătină congelate vrac - Melissimo" />
<meta property="og:description" content="100% fructe ecologice de cătină, tocate, presate şi deshidratate" />
<meta property="og:url" content="https://melissimo.ro/en/product/melissimo-fructe-bio-de-catina-congelate-vrac/" />
<meta property="og:site_name" content="Melissimo" />
<meta property="article:publisher" content="https://www.facebook.com/melissimo.ro" />
<meta property="article:modified_time" content="2026-01-29T10:42:31+00:00" />
<meta property="og:image" content="https://melissimo.ro/wp-content/uploads/2023/03/catina-congetala-vrac-01.jpg" />
	<meta property="og:image:width" content="1080" />
	<meta property="og:image:height" content="1080" />
	<meta property="og:image:type" content="image/jpeg" />
<meta name="twitter:card" content="summary_large_image" />
<meta name="twitter:label1" content="Est. reading time" />
	<meta name="twitter:data1" content="1 minute" />
<script type="application/ld+json" class="yoast-schema-graph">{"@context":"https:\/\/schema.org","@graph":[{"@type":"WebPage","@id":"https:\/\/melissimo.ro\/product\/melissimo-fructe-bio-de-catina-congelate-vrac\/","url":"https:\/\/melissimo.ro\/product\/melissimo-fructe-bio-de-catina-congelate-vrac\/","name":"Melissimo Fructe BIO de cătină congelate vrac - Melissimo","isPartOf":{"@id":"https:\/\/melissimo.ro\/#website"},"primaryImageOfPage":{"@id":"https:\/\/melissimo.ro\/product\/melissimo-fructe-bio-de-catina-congelate-vrac\/#primaryimage"},"image":{"@id":"https:\/\/melissimo.ro\/product\/melissimo-fructe-bio-de-catina-congelate-vrac\/#primaryimage"},"thumbnailUrl":"https:\/\/melissimo.ro\/wp-content\/uploads\/2023\/03\/catina-congetala-vrac-01.jpg","datePublished":"2023-06-13T13:06:12+00:00","dateModified":"2026-01-29T10:42:31+00:00","description":"100% fructe ecologice de cătină, tocate, presate şi deshidratate","breadcrumb":{"@id":"https:\/\/melissimo.ro\/product\/melissimo-fructe-bio-de-catina-congelate-vrac\/#breadcrumb"},"inLanguage":"en-US","potentialAction":[{"@type":"ReadAction","target":["https:\/\/melissimo.ro\/product\/melissimo-fructe-bio-de-catina-congelate-vrac\/"]}]},{"@type":"ImageObject","inLanguage":"en-US","@id":"https:\/\/melissimo.ro\/product\/melissimo-fructe-bio-de-catina-congelate-vrac\/#primaryimage","url":"https:\/\/melissimo.ro\/wp-content\/uploads\/2023\/03\/catina-congetala-vrac-01.jpg","contentUrl":"https:\/\/melissimo.ro\/wp-content\/uploads\/2023\/03\/catina-congetala-vrac-01.jpg","width":1080,"height":1080,"caption":"catina congetala vrac - melissimo"},{"@type":"BreadcrumbList","@id":"https:\/\/melissimo.ro\/product\/melissimo-fructe-bio-de-catina-congelate-vrac\/#breadcrumb","itemListElement":[{"@type":"ListItem","position":1,"name":"Prima pagină","item":"https:\/\/melissimo.ro\/"},{"@type":"ListItem","position":2,"name":"Shop","item":"https:\/\/melissimo.ro\/shop\/"},{"@type":"ListItem","position":3,"name":"Melissimo Fructe BIO de cătină congelate vrac"}]},{"@type":"WebSite","@id":"https:\/\/melissimo.ro\/#website","url":"https:\/\/melissimo.ro\/","name":"Melissimo","description":"Delicios de Sanatos","publisher":{"@id":"https:\/\/melissimo.ro\/#organization"},"potentialAction":[{"@type":"SearchAction","target":{"@type":"EntryPoint","urlTemplate":"https:\/\/melissimo.ro\/?s={search_term_string}"},"query-input":{"@type":"PropertyValueSpecification","valueRequired":true,"valueName":"search_term_string"}}],"inLanguage":"en-US"},{"@type":"Organization","@id":"https:\/\/melissimo.ro\/#organization","name":"Melissimo","url":"https:\/\/melissimo.ro\/","logo":{"@type":"ImageObject","inLanguage":"en-US","@id":"https:\/\/melissimo.ro\/#\/schema\/logo\/image\/","url":"https:\/\/melissimo.ro\/wp-content\/uploads\/2020\/10\/logo_dark.png","contentUrl":"https:\/\/melissimo.ro\/wp-content\/uploads\/2020\/10\/logo_dark.png","width":326,"height":70,"caption":"Melissimo"},"image":{"@id":"https:\/\/melissimo.ro\/#\/schema\/logo\/image\/"},"sameAs":["https:\/\/www.facebook.com\/melissimo.ro","https:\/\/www.instagram.com\/melissimo.ro\/"]}]}</script>
<!-- / Yoast SEO plugin. -->

Melissimo Fructe BIO de cătină congelate vrac - Melissimo

100% fructe ecologice de cătină, tocate, presate şi deshidratate

Prima pagină

Melissimo Fructe BIO de cătină congelate vrac
